 Let c = r + -13. What is the remainder when c is divided by o?
5
Let n be (0/3)/(3 - 1). Let x(o) = -o + 31. Let f be x(n). Let l = 62 - f. What is the remainder when l is divided by 11?
9
Let d be (-2)/(-9) + (-644)/(-18). Suppose 0*a - 3*a = -d. Calculate the remainder when 22 is divided by 30/4 - (-6)/a.
6
Let k(b) = -b**2 + 8*b - 3. Let g = -175 - -180. Calculate the remainder when k(5) is divided by g.
2
Let f be ((-21)/(-14))/(1/2). Suppose f*o = -2*o + 35. Calculate the remainder when 27 is divided by o.
6
Let k(s) = -20*s + 7. Let z(v) = 19*v - 7. Let l(x) = -3*k(x) - 2*z(x). What is the remainder when l(3) is divided by 20?
19
Let d be (-2 - 5) + 1/1. Let f = d + 22. Let r = f - -2. Calculate the remainder when r is divided by 10.
8
Let q = 1 - -3. Suppose -q*o - 12 + 116 = 0. Calculate the remainder when 50 is divided by o.
24
Suppose 3*o = o + 22. Let z be 2/(-2) + 0 + -2. What is the remainder when o is divided by (-8)/z*3/2?
3
What is the remainder when (-1)/(36/(-8)) + (-1004)/(-18) is divided by 10?
6
Suppose q + 6*m - 4*m = -5, 16 = q - 5*m. What is the remainder when 3 is divided by q?
0
Let f = 9 - -23. Suppose -a = -f - 6. Calculate the remainder when a is divided by 3*7 + (2 - 3).
18
What is the remainder when 42 is divided by 22*((-1)/(-2) + 0)?
9
Suppose 0 = -6*u + 175 + 299. Calculate the remainder when u is divided by 27.
25
What is the remainder when 198 is divided by -2*(-4)/(-24)*5*-15?
23
Let t(a) = 11*a - 21. Let f(r) = 5*r - 11. Let u(h) = -13*f(h) + 6*t(h). Suppose -23 = -2*d + 41. What is the remainder when d is divided by u(0)?
15
Let m(o) = 14*o - 9. Let l be 1 - (6 - -1) - 1. What is the remainder when m(2) is divided by (-33)/l - (-4)/14?
4
Let b(f) = -5*f**3 + f**2 + 4*f + 2. Calculate the remainder when 15 is divided by b(-1).
3
Let o(g) = -g**2 + 16*g - 42. Suppose 0 = v - 24 - 27. What is the remainder when v is divided by o(10)?
15
Suppose 5*t - t - 24 = 0. Let o = t - 0. Let g(b) = -b**3 + 7*b**2 - 5*b + 5. Calculate the remainder when g(6) is divided by o.
5
Let i(l) = l**3 - 8*l**2 + 2*l. Let f = -12 - -20. Let c(k) = 3*k**2 - 2*k - 2. What is the remainder when i(f) is divided by c(2)?
4
Let g(v) = v + 8. What is the remainder when 43 is divided by g(9)?
9
Suppose -l = -8*w + 3*w + 12, -3*l = -3*w. Suppose -2*n + 5*n = 24. Calculate the remainder when 23 + 0/(1 - w) is divided by n.
7
Let r(j) = -j + 1. Suppose 2*w - 10 = 7*w. What is the remainder when (0 - -2*5)/2 is divided by r(w)?
2
Suppose -h + 2*n + 35 = n, -n - 5 = 0. What is the remainder when 56 is divided by h?
26
Let n(j) = -j + 1. Let r(i) = -i**3 - 5*i**2 + 5*i + 5. Let w(c) = -2*n(c) - r(c). What is the remainder when 30 is divided by w(-5)?
6
Suppose 0 = 2*u + 3*g - 1 - 13, g - 14 = -2*u. What is the remainder when u is divided by 5?
2
Let d(w) = w**2 + 6*w - 7. Let l be 34/(-6) + (-14)/(-21). Let j be d(l). Let u = j - -18. Calculate the remainder when 11 is divided by u.
5
Calculate the remainder when 1/(6/(-8) + 1) is divided by 4.
0
Let t = 20 + -9. Let p(h) = 12*h + 9*h - 5*h. Calculate the remainder when p(2) is divided by t.
10
Suppose 8*w - 4*l - 208 = 3*w, w + 5*l = 30. Suppose -5*x + 6 = -3*x. Suppose u - 5*s - 4 = -0*s, x*u = 2*s + 38. What is the remainder when w is divided by u?
12
Let o(s) = 4*s - s**3 + 2 - 2*s**2 - s + 2*s**3. Calculate the remainder when o(4) is divided by 16.
14
Suppose 0 = 2*g - 5*g + 54. What is the remainder when g/((-15)/12 + 2) is divided by 13?
11
Suppose 14 = -6*x + 56. Calculate the remainder when 12 is divided by x.
5
Suppose -s = -2*s + 5*z + 37, 3*z = 2*s - 39. Suppose -s = -3*l + 9. Calculate the remainder when l is divided by 3.
1
Let z be (1 + -1 + -1)*-35. Suppose 7*c + 3*p - z = 5*c, -5*c + 3*p + 35 = 0. What is the remainder when 17 is divided by c?
7
Let a(p) = -p**2 - 11*p + 3. Calculate the remainder when 6 is divided by a(-11).
0
Suppose 0 = 5*d + 4*o - 40, 2*d - o + 43 = 6*d. What is the remainder when 35 is divided by d?
11
Let w(c) = -5*c - 2 + 3*c + 10*c. Let n be w(4). Calculate the remainder when 15 is divided by 5*(-4)/n*-6.
3
Let d(i) = 8*i + 9. What is the remainder when d(6) is divided by 20?
17
Let a(b) = 3*b**2 + 3*b + 2. Calculate the remainder when 79 is divided by a(-3).
19
Let k = -96 + 189. Calculate the remainder when k is divided by 19.
17
Suppose 2*u - 60 = -f - u, 0 = 3*f + u - 140. Suppose 2*b + 15 + 15 = 2*a, 5*a + 5*b - f = 0. Calculate the remainder when 33 is divided by a.
9
Suppose 2*v + 4 = -0*v. Let a be v/3 + 2/3. Suppose 0*i + 2*i - 74 = a. What is the remainder when i is divided by 19?
18
Suppose 0 = -4*j - t + 12, 3*j + 5*t + 32 = 6*j. Let b(o) = -o + o + 0*o + o. Calculate the remainder when 13 is divided by b(j).
1
What is the remainder when (1 + (-6)/4)/(12/(-4152)) is divided by 25?
23
Let v(n) = n**3 - 10*n**2 + 2*n - 10. What is the remainder when 26 is divided by v(10)?
6
Suppose 5*q - i - 298 = -2*i, 4*q + 5*i = 251. What is the remainder when q is divided by 15?
14
Suppose 0 = -5*y + 2*y + 6. Calculate the remainder when 1 is divided by 18/14 - y/7.
0
Suppose 10*t + 180 = 1050. Calculate the remainder when t is divided by 26.
9
Suppose -327 = -5*w - 4*o, -w + o + 81 = 12. Calculate the remainder when w is divided by 14.
11
Calculate the remainder when 8 is divided by 4/(-10) + (-36)/(-15).
0
Let m(t) = -2*t**3 - 3*t**2 - 3*t - 2. Suppose o + 5 = -4*z - 2*o, -9 = 3*z - 3*o. Calculate the remainder when 29 is divided by m(z).
5
Let o(p) = p**3 - 7*p**2 + 10*p - 3. Calculate the remainder when 41 is divided by o(6).
20
Let p be (-3)/(-4) - (-1029)/(-28). Let a = p + 69. Calculate the remainder when a is divided by 12.
9
Suppose 2*f = -t - 11, -2*t - 7 = 2*f + 7. Let s(h) = -17*h**3 - h**2 + h + 1. What is the remainder when s(-1) is divided by 16*t/(-6) - -1?
7
Suppose -a - a + 2*p = 0, 0 = -3*a - 2*p. Suppose -2*c = 5*h - 58, 5*c = c - 4. Calculate the remainder when -2 - a - -4 - -33 is divided by h.
11
Let r = 40 + -19. Suppose -21*l = -18*l - 36. Calculate the remainder when r is divided by l.
9
Suppose 5*r - l = -0*l + 73, 5*l = 5*r - 65. Let p(z) = z**2 - 14*z + 12. What is the remainder when 53 is divided by p(r)?
26
Let b be 2*1/2 - 1. Suppose b = 5*h + 10, -3*y = -y - 2*h - 8. Suppose y*q + 3*q + 4*o = 121, -33 = -q - 3*o. Calculate the remainder when q is divided by 11.
10
Suppose 8 = 5*g - 12. Suppose -t + g = 0, 3*v - 2*t = 2*v + 17. Calculate the remainder when (-382)/(-8) + 2/8 is divided by v.
23
Let t(y) = -y**3 - 5*y**2 + 5*y + 4. Let l be t(-6). Calculate the remainder when 35 is divided by 7 + -5 + 0 + l.
11
Suppose j - 4 = -3*p + 156, -3*p = -j - 152. Suppose h + 3*h - p = 0. Calculate the remainder when h is divided by 7.
6
Let q(f) = -f**3 - f**2 + 24. Calculate the remainder when 43 is divided by q(0).
19
Let b = -8 + 21. Calculate the remainder when 49 is divided by b.
10
Suppose 5*y = -5*c - 163 + 528, -2*y = 5*c - 359. Calculate the remainder when c is divided by 36.
35
Suppose x - 20 = 6*x. Let r(a) = a**2 - 4*a + 2. What is the remainder when r(x) is divided by ((-20)/(-28) - -1)*7?
10
What is the remainder when 49/3 - (-16)/24 is divided by 7?
3
Let w(c) = -20*c + 1. What is the remainder when w(-2) is divided by (-56)/6*6/(-4)?
13
Let q = -19 - -46. What is the remainder when q is divided by 14?
13
Suppose -2*c + 3*r + 44 = 0, 2*c - c - 3*r - 19 = 0. Calculate the remainder when c is divided by 13.
12
What is the remainder when 15 is divided by 10*8/100*5?
3
Let w = -44 + 139. Calculate the remainder when w is divided by 32.
31
Suppose 0 = l + 3*k - 7, -2*k - 5 = -k. Let h = 5 - 7. Calculate the remainder when l is divided by h/(1 + -3)*8.
6
Let u be 1 - -1 - (-32 - -1). Let w(s) = s**3 - 9*s**2 + 2*s + 1. Let z be w(9). Let b = u - z. What is the remainder when 40 is divided by b?
12
Suppose -3*d - 2*d = 4*r - 18, -2*d + 14 = 5*r. Suppose -r*q = -q + 21. Let w = q + 32. Calculate the remainder when w is divided by 4.
3
Calculate the remainder when 69 is divided by (15/(-6))/((-2)/8).
9
Let x = -31 - -45. Suppose -v + 9 = 5*o - o, 2*v - 11 = -o. What is the remainder when x is divided by v?
4
Suppose 2*x - 1 = 19. Calculate the remainder when 18 is divided by x.
8
Let c = 3 + -3. Suppose c = -4*n - 5*k + 